96313296 a multiple of 159?
True
Is 6809884 a multiple of 218?
True
Does 33 divide 1379466?
True
Is 534201766 a multiple of 61?
True
Is 15459683 a multiple of 27?
False
Does 144 divide 246553819?
False
Does 108 divide 1321425?
False
Does 561 divide 69452628?
False
Is 1366 a factor of 38827184?
True
Does 903 divide 16883963?
False
Is 6936912 a multiple of 3?
True
Is 11 a factor of 78749316?
False
Does 21 divide 3385663?
False
Is 999245510 a multiple of 2962?
True
Does 56 divide 574026690?
False
Does 4366 divide 819133599?
False
Is 15 a factor of 121210845?
True
Is 693 a factor of 31998476?
False
Is 142567428 a multiple of 12?
True
Does 626 divide 33723892?
False
Does 3815 divide 1341917686?
False
Is 478 a factor of 143441108?
True
Is 193627 even?
False
Is 201943087 a multiple of 306?
False
Does 37 divide 15622103?
True
Is 201814578 a multiple of 18?
True
Does 4 divide 665402?
False
Is 681882614 a multiple of 44?
False
Does 359 divide 1339705488?
False
Does 735 divide 55990984?
False
Does 6 divide 238326523?
False
Is 3893 a factor of 68248343?
False
Is 114062256 a multiple of 324?
True
Does 310 divide 39186381?
False
Does 27 divide 285815949?
False
Is 648 a factor of 5199714348?
False
Is 135380766 a multiple of 914?
True
Is 94140925 a multiple of 270?
False
Does 4 divide 472627853?
False
Is 575349426 a multiple of 3989?
True
Is 13 a factor of 526286670?
True
Is 62063127 a multiple of 8?
False
Is 9711460 a multiple of 484?
True
Is 1684922338 a multiple of 4669?
False
Does 820 divide 318344787?
False
Is 49299444 a multiple of 12?
True
Is 1307 a factor of 701477017?
False
Does 7 divide 34611953?
False
Is 124973752 a multiple of 376?
True
Does 226 divide 11038292?
True
Does 337 divide 2627883875?
True
Is 1268 a factor of 240483808?
True
Is 23 a factor of 102064915?
True
Is 86 a factor of 50739603?
False
Does 183 divide 43954770?
True
Does 12 divide 11646792?
True
Is 318075054 a multiple of 66?
True
Is 260723980 a multiple of 44?
True
Does 217 divide 91683585?
True
Is 2 a factor of 3710524?
True
Does 18 divide 191845422?
True
Is 580 a factor of 16100800?
True
Is 206 a factor of 363412428?
True
Does 15 divide 55646805?
True
Is 143 a factor of 964184221?
True
Is 55217678 a multiple of 27?
False
Does 287 divide 488189869?
False
Is 53 a factor of 74911441?
False
Is 335164060 a multiple of 11?
True
Does 18 divide 139633272?
True
Does 734 divide 362071924?
True
Is 1997521365 a multiple of 161?
True
Is 76045318 a multiple of 41?
False
Is 9298354 a multiple of 442?
True
Does 1330 divide 177441606?
False
Does 30 divide 1135207543?
False
Does 6 divide 9504060?
True
Is 2741808 a multiple of 124?
False
Does 941 divide 512950392?
True
Is 15615135 a multiple of 15?
True
Does 13 divide 626358520?
False
Is 943420920 a multiple of 43?
False
Is 434662443 a multiple of 1377?
True
Is 6958041 a multiple of 219?
False
Is 66380261 a multiple of 9?
False
Is 106759013 a multiple of 16?
False
Is 104627523 a multiple of 2704?
False
Is 3857784 a multiple of 8?
True
Is 335689686 a multiple of 755?
False
Does 446 divide 102479198?
False
Does 105 divide 69103751?
False
Is 964159869 a multiple of 2293?
False
Does 11 divide 64011042?
False
Does 131 divide 3070580?
False
Is 4188996 a multiple of 252?
True
Does 86 divide 3963122?
False
Is 81 a factor of 14288151?
False
Is 1349 a factor of 94276726?
False
Is 138 a factor of 1217520?
False
Does 4 divide 197654384?
True
Is 539 a factor of 244774745?
False
Is 26331072 a multiple of 174?
True
Is 2454 a factor of 86582028?
True
Is 176572620 a multiple of 5?
True
Is 5830 a factor of 4559691970?
False
Is 3007 a factor of 2842158538?
False
Does 127 divide 4124833?
True
Is 7 a factor of 16787393?
True
Does 5 divide 139804285?
True
Does 11 divide 2043975?
False
Does 56 divide 17813675?
False
Is 447 a factor of 66183714?
True
Is 3808078910 a multiple of 362?
True
Does 87 divide 331868373?
True
Is 22 a factor of 2967358061?
False
Does 30 divide 42100655?
False
Is 3537677070 a multiple of 9?
True
Is 1113398 a multiple of 374?
True
Is 584246328 a multiple of 41?
False
Does 570 divide 323762082?
False
Does 236 divide 32035079?
False
Is 82874139 a multiple of 159?
True
Is 2581464010 a multiple of 9342?
False
Is 820 a factor of 511209188?
False
Does 34 divide 15759238?
True
Is 64 a factor of 166403525?
False
Is 43237719 a multiple of 243?
True
Does 251 divide 47077560?
True
Does 1895 divide 719067225?
True
Is 174638056 a multiple of 3034?
False
Is 3640 a factor of 1113929765?
False
Is 1285717890 a multiple of 474?
True
Is 52440479 a multiple of 53?
True
Does 3 divide 8213497?
False
Is 10750831 a multiple of 259?
True
Is 1124 a factor of 46845553?
False
Is 733 a factor of 1739537917?
False
Is 162304701 a multiple of 39?
True
Is 18 a factor of 33018567?
False
Does 8 divide 3795105?
False
Is 7144216 a multiple of 8?
True
Is 3453 a factor of 2340658315?
False
Is 1268200953 a multiple of 831?
False
Is 29 a factor of 13415081?
True
Is 362018426 a multiple of 203?
True
Does 2500 divide 65166211?
False
Is 433833498 a multiple of 2622?
True
Is 958 a factor of 5264342?
False
Is 2687 a factor of 145017661?
False
Is 10518614 a multiple of 81?
False
Does 1733 divide 531982009?
False
Is 2795655678 a multiple of 6110?
False
Is 237656622 a multiple of 21?
True
Is 965 a factor of 21848565?
True
Does 538 divide 27339546?
True
Is 2 a factor of 36859579?
False
Is 32 a factor of 4836962393?
False
Is 731292828 a multiple of 21?
True
Is 707944653 a multiple of 24?
False
Is 136520268 a multiple of 208?
False
Is 1584 a factor of 55820160?
True
Does 116 divide 5793968?
True
Does 156 divide 5857956?
True
Does 96 divide 2525335423?
False
Is 3001101048 a multiple of 242?
True
Is 891653412 a multiple of 105?
False
Is 12 a factor of 243979272?
True
Does 475 divide 104367000?
True
Does 2010 divide 25900860?
True
Does 83 divide 497805668?
False
Is 14292096 a multiple of 384?
True
Is 40267690 a multiple of 2?
True
Is 804 a factor of 2455084752?
True
Does 758 divide 23950526?
True
Does 32 divide 120891431?
False
Is 12 a factor of 1903285296?
True
Is 41892114 a multiple of 30?
False
Is 940 a factor of 6869622460?
True
Does 105 divide 6196890?
True
Is 94490264 a multiple of 7?
False
Is 135 a factor of 1366199107?
False
Is 2320 a factor of 2415400219?
False
Is 286 a factor of 73663590?
True
Does 109 divide 478674040?
False
Is 10 a factor of 28561631?
False
Does 77 divide 20818702?
False
Does 167 divide 1144718504?
False
Does 7 divide 54200303?
False
Is 10390097 a multiple of 41?
True
Is 270769786 a multiple of 117?
False
Is 672 a factor of 409549056?
True
Is 82 a factor of 174376890?
False
Is 11 a factor of 10842166?
False
Is 10 a factor of 493246?
False
Is 818817152 a multiple of 32?
True
Is 48394638 a multiple of 1626?
True
Is 36 a factor of 24393572?
False
Does 46 divide 46094024?
True
Is 988293487 a multiple of 347?
False
Is 477938656 a multiple of 31?
True
Does 28 divide 163696778?
False
Does 3765 divide 240460363?
False
Is 6627 a factor of 7042157030?
False
Is 1221608850 a multiple of 154?
True
Is 123867821 a multiple of 3311?
True
Is 4757 a factor of 1287559602?
False
Does 86 divide 6109838?
False
Is 174 a factor of 32623716?
False
Does 135 divide 171130185?
True
Is 449950451 a multiple of 184?
False
Is 207199550 a multiple of 730?
True
Is 1779 a factor of 266678208?
False
Does 442 divide 18885185?
False
Is 80608560 a multiple of 29?
False
Is 459484296 a multiple of 12?
True
Is 3201194344 a multiple of 46?
False
Is 397522852 a multiple of 9?
False
Does 13 divide 56039425?
True
Is 2071612543 a multiple of 539?
True
Does 3629 divide 890642835?
False
Is 12 a factor of 20398179?
False
Does 11 divide 228942126?
False
Is 3245 a factor of 364449195?
True
Is 537959820 a multiple of 25?
False
Is 15064785 a multiple of 9?
True
Is 189 a factor of 7224082?
False
Is 3795 a factor of 2396504550?
True
Is 252 a factor of 4167781?
False
Is 208952821 a multiple of 652?
False
Is 4153 a factor of 392549917?
False
Is 1263047912 a multiple of 289?
True
Does 2312 divide 415424744?
False
Is 52 a factor of 46184112?
True
Is 130505335 a multiple of 302?
False
Is 299293274 a multiple of 2513?
True
Is 3466704274 a multiple of 7978?
True
Does 945 divide 1161742365?
True
Is 97 a factor of 1811088?
False
Is 